late the greatest common factor of 28176 and 6964755.
1761
Calculate the greatest common divisor of 148 and 1006364.
4
Calculate the greatest common divisor of 153687433 and 206.
103
What is the highest common divisor of 245446 and 67?
1
What is the highest common divisor of 1032167718 and 27?
27
Calculate the greatest common divisor of 15998 and 2632092.
842
What is the highest common divisor of 753420 and 3095460?
1740
Calculate the highest common factor of 314014623 and 39.
39
What is the highest common divisor of 185 and 631795?
5
What is the greatest common divisor of 1008 and 17918?
2
Calculate the greatest common factor of 1050029928 and 36.
36
Calculate the highest common divisor of 1903 and 31427.
11
Calculate the highest common factor of 25946028 and 3182.
3182
Calculate the greatest common factor of 559144 and 240.
8
Calculate the greatest common divisor of 9627562 and 1134.
14
Calculate the highest common factor of 108156456 and 13344.
3336
What is the greatest common divisor of 935512 and 18198?
674
What is the greatest common divisor of 14518220 and 180?
20
Calculate the greatest common factor of 21559008 and 218112.
6816
Calculate the highest common factor of 56 and 142199416.
8
What is the greatest common divisor of 3364 and 1476268?
4
Calculate the highest common divisor of 2030600 and 1519045.
3905
Calculate the highest common factor of 27525 and 2243471.
367
Calculate the highest common factor of 477 and 483837742.
53
Calculate the greatest common factor of 82752 and 337392.
48
Calculate the highest common divisor of 945 and 50780709.
189
What is the highest common factor of 9523320 and 480?
120
Calculate the highest common factor of 64027 and 29498.
43
Calculate the highest common factor of 53525 and 1550.
25
What is the highest common divisor of 60 and 11020755?
15
What is the greatest common factor of 76094164 and 185991?
4769
Calculate the highest common divisor of 7416 and 234181212.
1236
What is the highest common divisor of 13231 and 809111?
101
Calculate the greatest common factor of 178220 and 1167740.
2660
Calculate the greatest common factor of 2056062 and 11270.
46
Calculate the highest common factor of 28 and 22942636.
4
Calculate the greatest common divisor of 8599652 and 556.
556
What is the greatest common factor of 11594 and 367676?
34
What is the highest common factor of 22 and 46035176?
22
What is the highest common factor of 1004 and 3237398?
502
What is the highest common factor of 15 and 1082615?
5
What is the greatest common divisor of 2195561 and 10498?
29
What is the highest common factor of 283 and 140446391?
283
What is the greatest common divisor of 532 and 1063804?
28
Calculate the greatest common divisor of 56525 and 7604275.
3325
What is the greatest common divisor of 2 and 202967?
1
What is the highest common divisor of 11795 and 16074226?
2359
What is the highest common divisor of 274240 and 12413645?
4285
Calculate the highest common factor of 3454 and 1444.
2
What is the greatest common factor of 743418 and 5184?
162
What is the highest common divisor of 859639 and 11?
11
What is the highest common factor of 1526 and 9177364?
1526
Calculate the greatest common divisor of 7352512 and 512.
64
Calculate the highest common divisor of 255529919 and 309.
103
Calculate the highest common factor of 814894 and 634618.
166
Calculate the highest common factor of 15512403 and 614.
307
What is the greatest common factor of 44947593 and 261?
261
Calculate the greatest common divisor of 40144783 and 70.
7
Calculate the greatest common factor of 1008 and 420357.
21
Calculate the greatest common factor of 16 and 19449396.
4
Calculate the greatest common factor of 3119050 and 475508.
2354
Calculate the greatest common factor of 70483985 and 8580.
715
Calculate the greatest common divisor of 7216 and 964238.
902
What is the highest common factor of 735 and 721031325?
735
What is the highest common divisor of 5515101 and 20437?
107
Calculate the greatest common divisor of 953616436 and 412.
412
Calculate the greatest common factor of 7229521 and 7475.
299
What is the highest common divisor of 4379 and 3806482?
29
Calculate the greatest common divisor of 23719605 and 5460.
1365
Calculate the highest common divisor of 1196 and 74167249.
299
Calculate the greatest common factor of 449631 and 2623.
61
What is the highest common factor of 1197570 and 63954?
1254
What is the highest common factor of 633683 and 6818589?
1999
What is the greatest common factor of 82754 and 10581718?
3598
What is the greatest common factor of 23651 and 84889?
67
What is the greatest common divisor of 671380 and 24?
4
Calculate the greatest common factor of 1938222 and 1188.
594
Calculate the highest common divisor of 106 and 22427692.
106
Calculate the highest common divisor of 218 and 564195663.
109
Calculate the greatest common factor of 6179 and 21030143.
167
What is the highest common divisor of 3281406 and 17968?
2246
What is the greatest common factor of 29045536 and 1248?
416
Calculate the highest common factor of 69820 and 29800.
20
What is the greatest common divisor of 942318 and 47268?
234
What is the highest common factor of 3298487638 and 46?
46
Calculate the greatest common divisor of 1119123 and 351.
27
Calculate the greatest common divisor of 5949 and 28068043.
661
What is the highest common factor of 2553120 and 735?
15
Calculate the highest common divisor of 78407 and 15939.
161
What is the highest common factor of 326001 and 32955?
507
What is the highest common factor of 6452 and 313697853?
1613
What is the greatest common factor of 1798 and 502262?
62
What is the highest common divisor of 149364 and 2988?
36
What is the greatest common factor of 904719 and 9021?
291
Calculate the highest common divisor of 200 and 1399164.
4
Calculate the greatest common divisor of 123 and 12888186.
123
What is the highest common factor of 4100 and 9019590?
410
Calculate the highest common factor of 1476336 and 336.
48
What is the highest common factor of 6244 and 14824817?
1561
What is the greatest common factor of 10508 and 571671978?
5254
Calculate the greatest common divisor of 29693 and 37237.
23
What is the greatest common factor of 29 and 7765939?
29
What is the highest common divisor of 4717 and 4030454?
89
Calculate the highest common factor of 22 and 93624014.
22
Calculate the greatest common divisor of 16936220 and 53200.
2660
What is the greatest common divisor of 55932 and 143193?
177
Calculate the greatest common divisor of 72855 and 43965.
45
What is the greatest common factor of 89 and 88232464?
89
Calculate the greatest common factor of 8702640 and 1053.
81
What is the greatest common divisor of 504 and 615866832?
504
What is the greatest common divisor of 3868288 and 932480?
6016
Calculate the highest common divisor of 18 and 3548109.
3
Calculate the greatest common divisor of 1417911 and 3069.
33
What is the highest common factor of 21229 and 34577?
71
Calculate the highest common factor of 87719 and 22.
1
What is the greatest common factor of 224 and 4508966?
14
What is the greatest common factor of 13608 and 98392?
56
What is the greatest common divisor of 461455 and 141860?
205
Calculate the highest common factor of 616 and 1051776.
88
Calculate the greatest common factor of 17618 and 13639.
23
What is the greatest common divisor of 575 and 15566975?
575
Calculate the greatest common factor of 996 and 59138164.
332
What is the highest common factor of 9136 and 7556256?
16
What is the greatest common divisor of 208 and 3359460?
52
Calculate the greatest common divisor of 3102100 and 268.
268
Calculate the greatest common factor of 1274096327 and 413.
413
What is the highest common factor of 321655 and 15755?
115
What is the highest common divisor of 189824 and 832?
64
Calculate the greatest common factor of 184790 and 86190.
170
Calculate the greatest common factor of 26868126 and 65552.
8194
Calculate the highest common divisor of 35292 and 26046924.
204
Calculate the greatest common divisor of 7744508 and 2088.
116
What is the greatest common divisor of 552 and 64242408?
24
What is the highest common divisor of 299641 and 46733?
2749
What is the highest common divisor of 9103603 and 38?
19
What is the hig